{"id":236,"date":"2026-01-23T08:46:09","date_gmt":"2026-01-23T01:46:09","guid":{"rendered":"https:\/\/thanhly.xyz\/?page_id=236"},"modified":"2026-01-23T08:48:35","modified_gmt":"2026-01-23T01:48:35","slug":"hang-thanh-ly","status":"publish","type":"page","link":"https:\/\/thanhly.xyz\/?page_id=236","title":{"rendered":"H\u00e0ng Thanh L\u00fd"},"content":{"rendered":"<div class=\"woocommerce columns-4 \"><div class=\"woocommerce-notices-wrapper\"><\/div><p class=\"woocommerce-result-count\" role=\"alert\" aria-relevant=\"all\" data-is-sorted-by=\"true\">\n\tHi\u1ec3n th\u1ecb t\u1ea5t c\u1ea3 2 k\u1ebft qu\u1ea3<span class=\"screen-reader-text\">\u0110\u00e3 s\u1eafp x\u1ebfp theo m\u1edbi nh\u1ea5t<\/span><\/p>\n<form class=\"woocommerce-ordering\" method=\"get\">\n\t\t<select\n\t\tname=\"orderby\"\n\t\tclass=\"orderby\"\n\t\t\t\t\taria-label=\"\u0110\u01a1n h\u00e0ng c\u1ee7a c\u1eeda h\u00e0ng\"\n\t\t\t>\n\t\t\t\t\t<option value=\"popularity\" >S\u1eafp x\u1ebfp theo m\u1ee9c \u0111\u1ed9 ph\u1ed5 bi\u1ebfn<\/option>\n\t\t\t\t\t<option value=\"date\"  selected='selected'>S\u1eafp x\u1ebfp theo m\u1edbi nh\u1ea5t<\/option>\n\t\t\t\t\t<option value=\"price\" >S\u1eafp x\u1ebfp theo gi\u00e1: th\u1ea5p \u0111\u1ebfn cao<\/option>\n\t\t\t\t\t<option value=\"price-desc\" >S\u1eafp x\u1ebfp theo gi\u00e1: cao \u0111\u1ebfn th\u1ea5p<\/option>\n\t\t\t<\/select>\n\t<input type=\"hidden\" name=\"paged\" value=\"1\" \/>\n\t<input type=\"hidden\" name=\"rest_route\" value=\"\/wp\/v2\/pages\/236\" \/><\/form>\n<ul class=\"products columns-4\">\n<li class=\"desktop-align-left tablet-align-left mobile-align-left product type-product post-224 status-publish first instock product_cat-hang-thanh-ly has-post-thumbnail sale sold-individually purchasable product-type-simple\">\n\t<a href=\"https:\/\/thanhly.xyz\/?product=binh-giu-nhiet-khuyen-mai-ensure-500ml\" class=\"woocommerce-LoopProduct-link woocommerce-loop-product__link\"><div style=\"position:relative;\"><img loading=\"lazy\" decoding=\"async\" width=\"300\" height=\"300\" src=\"https:\/\/thanhly.xyz\/wp-content\/uploads\/2026\/01\/1000030223-300x300.jpg\" class=\"attachment-woocommerce_thumbnail size-woocommerce_thumbnail\" alt=\"B\u00ecnh gi\u1eef nhi\u1ec7t khuy\u1ebfn m\u00e3i Ensure 500ml\" srcset=\"https:\/\/thanhly.xyz\/wp-content\/uploads\/2026\/01\/1000030223-300x300.jpg 300w, https:\/\/thanhly.xyz\/wp-content\/uploads\/2026\/01\/1000030223-150x150.jpg 150w, https:\/\/thanhly.xyz\/wp-content\/uploads\/2026\/01\/1000030223-100x100.jpg 100w\" sizes=\"auto, (max-width: 300px) 100vw, 300px\" \/><div class=\"advanced-woo-labels awl-position-type-on-image awl-label-type-archive awl-align-left-top\" style=\"display:flex;flex-wrap:wrap;flex-direction:row;text-align:left;width:100%;position:absolute;z-index:9;left:0px;right:auto;top:0px;bottom:auto;transform:none;justify-content:flex-start;\"><div class=\"awl-label-wrap awl-text-label-wrap awl-label-id-94\" style=\"\"><span class=\"awl-product-label awl-type-label awl-type-label-triangled\" style=\"display:table;position:relative;line-height:1;white-space:nowrap;vertical-align:baseline;font-size:15px;--awl-font-size-tablet:15px;--awl-font-size-phone:15px;font-weight:600;font-style:normal;letter-spacing:0px;color:#fff;opacity:1;margin:0px 0px 0px 0px;\"><span class=\"awl-label-text\"  style=\"display:table-cell;padding:0.4em 0.8em 0.4em 0.7em;z-index:1;background:#e74c3c;position:relative;line-height:1;border-radius:0;\"><span class=\"awl-inner-text\">-25%<\/span><\/span><span class=\"awl-label-after\" style=\"display:table-cell;width:0;height:0;position:relative;z-index:2;overflow:hidden;padding:0 0.65em 0 0;\"><svg viewBox=\"0 0 100 100\" preserveAspectRatio=\"none\" style=\"position:absolute;top:0;width:100%;height:100%;fill:#e74c3c;\"><g class=\"awl-triangled-after\"><polygon vector-effect=\"non-scaling-stroke\" points=\"0,0 0,100 97,50\" style=\"stroke:none;\" \/><line vector-effect=\"non-scaling-stroke\" x1=\"0\" y1=\"0\" x2=\"97\" y2=\"50\" \/><line vector-effect=\"non-scaling-stroke\" x1=\"97\" y1=\"50\" x2=\"0\" y2=\"100\" \/><\/g><\/svg><\/span><\/span><\/div><\/div><\/div><div class=\"advanced-woo-labels awl-position-type-before-title awl-label-type-archive awl-align-left\" style=\"display:flex;flex-wrap:wrap;flex-direction:row;text-align:left;width:100%;position:relative;z-index:1;justify-content:flex-start;\"><div class=\"awl-label-wrap awl-text-label-wrap awl-label-id-201\" style=\"\"><span class=\"awl-product-label awl-type-label awl-type-label-rounded\" style=\"display:table;position:relative;line-height:1;white-space:nowrap;vertical-align:baseline;font-size:16px;--awl-font-size-tablet:16px;--awl-font-size-phone:16px;font-weight:600;font-style:normal;letter-spacing:0px;color:#ffffff;opacity:1;margin:0px 0px 0px 0px;\"><span class=\"awl-label-text\"  style=\"display:table-cell;padding:0.3em 0.6em 0.3em 0.4em;z-index:1;background:#0070d2;position:relative;line-height:1;border-radius:0.25em;\"><span class=\"awl-inner-text\">M\u00e3 h\u00e0ng : S3<\/span><\/span><\/span><\/div><\/div><h2 class=\"woocommerce-loop-product__title\">B\u00ecnh gi\u1eef nhi\u1ec7t khuy\u1ebfn m\u00e3i Ensure 500ml<\/h2>\n\t<span class=\"price\"><del aria-hidden=\"true\"><span class=\"woocommerce-Price-amount amount\"><bdi>80.000&nbsp;<span class=\"woocommerce-Price-currencySymbol\">&#8363;<\/span><\/bdi><\/span><\/del> <span class=\"screen-reader-text\">Gi\u00e1 g\u1ed1c l\u00e0: 80.000&nbsp;&#8363;.<\/span><ins aria-hidden=\"true\"><span class=\"woocommerce-Price-amount amount\"><bdi>60.000&nbsp;<span class=\"woocommerce-Price-currencySymbol\">&#8363;<\/span><\/bdi><\/span><\/ins><span class=\"screen-reader-text\">Gi\u00e1 hi\u1ec7n t\u1ea1i l\u00e0: 60.000&nbsp;&#8363;.<\/span><\/span>\n<\/a><span  class=\"ast-on-card-button ast-onsale-card\" data-notification=\"default\">Gi\u1ea3m gi\u00e1!<\/span><a href=\"\/index.php?rest_route=%2Fwp%2Fv2%2Fpages%2F236&#038;add-to-cart=224\" data-quantity=\"1\" class=\"ast-on-card-button ast-select-options-trigger product_type_simple add_to_cart_button ajax_add_to_cart\" data-product_id=\"224\" data-product_sku=\"3\" aria-label=\"Th\u00eam v\u00e0o gi\u1ecf h\u00e0ng: &ldquo;B\u00ecnh gi\u1eef nhi\u1ec7t khuy\u1ebfn m\u00e3i Ensure 500ml&rdquo;\" rel=\"nofollow\"> <span class=\"ast-card-action-tooltip\"> Th\u00eam v\u00e0o gi\u1ecf h\u00e0ng <\/span> <span class=\"ahfb-svg-iconset\"> <span class=\"ast-icon icon-bag\"><svg xmlns=\"http:\/\/www.w3.org\/2000\/svg\" xmlns:xlink=\"http:\/\/www.w3.org\/1999\/xlink\" version=\"1.1\" id=\"ast-bag-icon-svg\" x=\"0px\" y=\"0px\" width=\"100\" height=\"100\" viewBox=\"826 826 140 140\" enable-background=\"new 826 826 140 140\" xml:space=\"preserve\">\n\t\t\t\t<path d=\"M960.758,934.509l2.632,23.541c0.15,1.403-0.25,2.657-1.203,3.761c-0.953,1.053-2.156,1.579-3.61,1.579H833.424  c-1.454,0-2.657-0.526-3.61-1.579c-0.952-1.104-1.354-2.357-1.203-3.761l2.632-23.541H960.758z M953.763,871.405l6.468,58.29H831.77  l6.468-58.29c0.15-1.203,0.677-2.218,1.58-3.045c0.903-0.827,1.981-1.241,3.234-1.241h19.254v9.627c0,2.658,0.94,4.927,2.82,6.807  s4.149,2.82,6.807,2.82c2.658,0,4.926-0.94,6.807-2.82s2.821-4.149,2.821-6.807v-9.627h28.882v9.627  c0,2.658,0.939,4.927,2.819,6.807c1.881,1.88,4.149,2.82,6.807,2.82s4.927-0.94,6.808-2.82c1.879-1.88,2.82-4.149,2.82-6.807v-9.627  h19.253c1.255,0,2.332,0.414,3.235,1.241C953.086,869.187,953.612,870.202,953.763,871.405z M924.881,857.492v19.254  c0,1.304-0.476,2.432-1.429,3.385s-2.08,1.429-3.385,1.429c-1.303,0-2.432-0.477-3.384-1.429c-0.953-0.953-1.43-2.081-1.43-3.385  v-19.254c0-5.315-1.881-9.853-5.641-13.613c-3.76-3.761-8.298-5.641-13.613-5.641s-9.853,1.88-13.613,5.641  c-3.761,3.76-5.641,8.298-5.641,13.613v19.254c0,1.304-0.476,2.432-1.429,3.385c-0.953,0.953-2.081,1.429-3.385,1.429  c-1.303,0-2.432-0.477-3.384-1.429c-0.953-0.953-1.429-2.081-1.429-3.385v-19.254c0-7.973,2.821-14.779,8.461-20.42  c5.641-5.641,12.448-8.461,20.42-8.461c7.973,0,14.779,2.82,20.42,8.461C922.062,842.712,924.881,849.519,924.881,857.492z\" \/>\n\t\t\t\t<\/svg><\/span> <\/span> <\/a><a href=\"\/index.php?rest_route=%2Fwp%2Fv2%2Fpages%2F236&#038;add-to-cart=224\" aria-describedby=\"woocommerce_loop_add_to_cart_link_describedby_224\" data-quantity=\"1\" class=\"button product_type_simple add_to_cart_button ajax_add_to_cart\" data-product_id=\"224\" data-product_sku=\"3\" aria-label=\"Th\u00eam v\u00e0o gi\u1ecf h\u00e0ng: &ldquo;B\u00ecnh gi\u1eef nhi\u1ec7t khuy\u1ebfn m\u00e3i Ensure 500ml&rdquo;\" rel=\"nofollow\" data-success_message=\"&ldquo;B\u00ecnh gi\u1eef nhi\u1ec7t khuy\u1ebfn m\u00e3i Ensure 500ml&rdquo; \u0111\u00e3 \u0111\u01b0\u1ee3c th\u00eam v\u00e0o gi\u1ecf h\u00e0ng c\u1ee7a b\u1ea1n\" role=\"button\">Th\u00eam v\u00e0o gi\u1ecf h\u00e0ng<\/a>\t<span id=\"woocommerce_loop_add_to_cart_link_describedby_224\" class=\"screen-reader-text\">\n\t\t\t<\/span>\n<\/li>\n<li class=\"desktop-align-left tablet-align-left mobile-align-left product type-product post-125 status-publish instock product_cat-hang-thanh-ly has-post-thumbnail sale sold-individually purchasable product-type-simple\">\n\t<a href=\"https:\/\/thanhly.xyz\/?product=coc-su-uong-nuoc-locknlock\" class=\"woocommerce-LoopProduct-link woocommerce-loop-product__link\"><div style=\"position:relative;\"><img loading=\"lazy\" decoding=\"async\" width=\"300\" height=\"300\" src=\"https:\/\/thanhly.xyz\/wp-content\/uploads\/2025\/12\/1000028935-300x300.jpg\" class=\"attachment-woocommerce_thumbnail size-woocommerce_thumbnail\" alt=\"c\u1ed1c s\u1ee9 u\u1ed1ng n\u01b0\u1edbc locknlock\" srcset=\"https:\/\/thanhly.xyz\/wp-content\/uploads\/2025\/12\/1000028935-300x300.jpg 300w, https:\/\/thanhly.xyz\/wp-content\/uploads\/2025\/12\/1000028935-1024x1024.jpg 1024w, https:\/\/thanhly.xyz\/wp-content\/uploads\/2025\/12\/1000028935-150x150.jpg 150w, https:\/\/thanhly.xyz\/wp-content\/uploads\/2025\/12\/1000028935-768x768.jpg 768w, https:\/\/thanhly.xyz\/wp-content\/uploads\/2025\/12\/1000028935-1536x1536.jpg 1536w, https:\/\/thanhly.xyz\/wp-content\/uploads\/2025\/12\/1000028935-600x600.jpg 600w, https:\/\/thanhly.xyz\/wp-content\/uploads\/2025\/12\/1000028935-100x100.jpg 100w, https:\/\/thanhly.xyz\/wp-content\/uploads\/2025\/12\/1000028935.jpg 2047w\" sizes=\"auto, (max-width: 300px) 100vw, 300px\" \/><div class=\"advanced-woo-labels awl-position-type-on-image awl-label-type-archive awl-align-left-top\" style=\"display:flex;flex-wrap:wrap;flex-direction:row;text-align:left;width:100%;position:absolute;z-index:9;left:0px;right:auto;top:0px;bottom:auto;transform:none;justify-content:flex-start;\"><div class=\"awl-label-wrap awl-text-label-wrap awl-label-id-94\" style=\"\"><span class=\"awl-product-label awl-type-label awl-type-label-triangled\" style=\"display:table;position:relative;line-height:1;white-space:nowrap;vertical-align:baseline;font-size:15px;--awl-font-size-tablet:15px;--awl-font-size-phone:15px;font-weight:600;font-style:normal;letter-spacing:0px;color:#fff;opacity:1;margin:0px 0px 0px 0px;\"><span class=\"awl-label-text\"  style=\"display:table-cell;padding:0.4em 0.8em 0.4em 0.7em;z-index:1;background:#e74c3c;position:relative;line-height:1;border-radius:0;\"><span class=\"awl-inner-text\">-58%<\/span><\/span><span class=\"awl-label-after\" style=\"display:table-cell;width:0;height:0;position:relative;z-index:2;overflow:hidden;padding:0 0.65em 0 0;\"><svg viewBox=\"0 0 100 100\" preserveAspectRatio=\"none\" style=\"position:absolute;top:0;width:100%;height:100%;fill:#e74c3c;\"><g class=\"awl-triangled-after\"><polygon vector-effect=\"non-scaling-stroke\" points=\"0,0 0,100 97,50\" style=\"stroke:none;\" \/><line vector-effect=\"non-scaling-stroke\" x1=\"0\" y1=\"0\" x2=\"97\" y2=\"50\" \/><line vector-effect=\"non-scaling-stroke\" x1=\"97\" y1=\"50\" x2=\"0\" y2=\"100\" \/><\/g><\/svg><\/span><\/span><\/div><\/div><\/div><div class=\"advanced-woo-labels awl-position-type-before-title awl-label-type-archive awl-align-left\" style=\"display:flex;flex-wrap:wrap;flex-direction:row;text-align:left;width:100%;position:relative;z-index:1;justify-content:flex-start;\"><div class=\"awl-label-wrap awl-text-label-wrap awl-label-id-201\" style=\"\"><span class=\"awl-product-label awl-type-label awl-type-label-rounded\" style=\"display:table;position:relative;line-height:1;white-space:nowrap;vertical-align:baseline;font-size:16px;--awl-font-size-tablet:16px;--awl-font-size-phone:16px;font-weight:600;font-style:normal;letter-spacing:0px;color:#ffffff;opacity:1;margin:0px 0px 0px 0px;\"><span class=\"awl-label-text\"  style=\"display:table-cell;padding:0.3em 0.6em 0.3em 0.4em;z-index:1;background:#0070d2;position:relative;line-height:1;border-radius:0.25em;\"><span class=\"awl-inner-text\">M\u00e3 h\u00e0ng : S2<\/span><\/span><\/span><\/div><\/div><h2 class=\"woocommerce-loop-product__title\">c\u1ed1c s\u1ee9 u\u1ed1ng n\u01b0\u1edbc locknlock<\/h2>\n\t<span class=\"price\"><del aria-hidden=\"true\"><span class=\"woocommerce-Price-amount amount\"><bdi>120.000&nbsp;<span class=\"woocommerce-Price-currencySymbol\">&#8363;<\/span><\/bdi><\/span><\/del> <span class=\"screen-reader-text\">Gi\u00e1 g\u1ed1c l\u00e0: 120.000&nbsp;&#8363;.<\/span><ins aria-hidden=\"true\"><span class=\"woocommerce-Price-amount amount\"><bdi>50.000&nbsp;<span class=\"woocommerce-Price-currencySymbol\">&#8363;<\/span><\/bdi><\/span><\/ins><span class=\"screen-reader-text\">Gi\u00e1 hi\u1ec7n t\u1ea1i l\u00e0: 50.000&nbsp;&#8363;.<\/span><\/span>\n<\/a><span  class=\"ast-on-card-button ast-onsale-card\" data-notification=\"default\">Gi\u1ea3m gi\u00e1!<\/span><a href=\"\/index.php?rest_route=%2Fwp%2Fv2%2Fpages%2F236&#038;add-to-cart=125\" data-quantity=\"1\" class=\"ast-on-card-button ast-select-options-trigger product_type_simple add_to_cart_button ajax_add_to_cart\" data-product_id=\"125\" data-product_sku=\"2\" aria-label=\"Th\u00eam v\u00e0o gi\u1ecf h\u00e0ng: &ldquo;c\u1ed1c s\u1ee9 u\u1ed1ng n\u01b0\u1edbc locknlock&rdquo;\" rel=\"nofollow\"> <span class=\"ast-card-action-tooltip\"> Th\u00eam v\u00e0o gi\u1ecf h\u00e0ng <\/span> <span class=\"ahfb-svg-iconset\"> <span class=\"ast-icon icon-bag\"><svg xmlns=\"http:\/\/www.w3.org\/2000\/svg\" xmlns:xlink=\"http:\/\/www.w3.org\/1999\/xlink\" version=\"1.1\" id=\"ast-bag-icon-svg\" x=\"0px\" y=\"0px\" width=\"100\" height=\"100\" viewBox=\"826 826 140 140\" enable-background=\"new 826 826 140 140\" xml:space=\"preserve\">\n\t\t\t\t<path d=\"M960.758,934.509l2.632,23.541c0.15,1.403-0.25,2.657-1.203,3.761c-0.953,1.053-2.156,1.579-3.61,1.579H833.424  c-1.454,0-2.657-0.526-3.61-1.579c-0.952-1.104-1.354-2.357-1.203-3.761l2.632-23.541H960.758z M953.763,871.405l6.468,58.29H831.77  l6.468-58.29c0.15-1.203,0.677-2.218,1.58-3.045c0.903-0.827,1.981-1.241,3.234-1.241h19.254v9.627c0,2.658,0.94,4.927,2.82,6.807  s4.149,2.82,6.807,2.82c2.658,0,4.926-0.94,6.807-2.82s2.821-4.149,2.821-6.807v-9.627h28.882v9.627  c0,2.658,0.939,4.927,2.819,6.807c1.881,1.88,4.149,2.82,6.807,2.82s4.927-0.94,6.808-2.82c1.879-1.88,2.82-4.149,2.82-6.807v-9.627  h19.253c1.255,0,2.332,0.414,3.235,1.241C953.086,869.187,953.612,870.202,953.763,871.405z M924.881,857.492v19.254  c0,1.304-0.476,2.432-1.429,3.385s-2.08,1.429-3.385,1.429c-1.303,0-2.432-0.477-3.384-1.429c-0.953-0.953-1.43-2.081-1.43-3.385  v-19.254c0-5.315-1.881-9.853-5.641-13.613c-3.76-3.761-8.298-5.641-13.613-5.641s-9.853,1.88-13.613,5.641  c-3.761,3.76-5.641,8.298-5.641,13.613v19.254c0,1.304-0.476,2.432-1.429,3.385c-0.953,0.953-2.081,1.429-3.385,1.429  c-1.303,0-2.432-0.477-3.384-1.429c-0.953-0.953-1.429-2.081-1.429-3.385v-19.254c0-7.973,2.821-14.779,8.461-20.42  c5.641-5.641,12.448-8.461,20.42-8.461c7.973,0,14.779,2.82,20.42,8.461C922.062,842.712,924.881,849.519,924.881,857.492z\" \/>\n\t\t\t\t<\/svg><\/span> <\/span> <\/a><a href=\"\/index.php?rest_route=%2Fwp%2Fv2%2Fpages%2F236&#038;add-to-cart=125\" aria-describedby=\"woocommerce_loop_add_to_cart_link_describedby_125\" data-quantity=\"1\" class=\"button product_type_simple add_to_cart_button ajax_add_to_cart\" data-product_id=\"125\" data-product_sku=\"2\" aria-label=\"Th\u00eam v\u00e0o gi\u1ecf h\u00e0ng: &ldquo;c\u1ed1c s\u1ee9 u\u1ed1ng n\u01b0\u1edbc locknlock&rdquo;\" rel=\"nofollow\" data-success_message=\"&ldquo;c\u1ed1c s\u1ee9 u\u1ed1ng n\u01b0\u1edbc locknlock&rdquo; \u0111\u00e3 \u0111\u01b0\u1ee3c th\u00eam v\u00e0o gi\u1ecf h\u00e0ng c\u1ee7a b\u1ea1n\" role=\"button\">Th\u00eam v\u00e0o gi\u1ecf h\u00e0ng<\/a>\t<span id=\"woocommerce_loop_add_to_cart_link_describedby_125\" class=\"screen-reader-text\">\n\t\t\t<\/span>\n<\/li>\n<\/ul>\n<\/div>\n","protected":false},"excerpt":{"rendered":"","protected":false},"author":1,"featured_media":0,"parent":7,"menu_order":0,"comment_status":"closed","ping_status":"closed","template":"","meta":{"site-sidebar-layout":"default","site-content-layout":"","ast-site-content-layout":"default","site-content-style":"default","site-sidebar-style":"default","ast-global-header-display":"","ast-banner-title-visibility":"","ast-main-header-display":"","ast-hfb-above-header-display":"","ast-hfb-below-header-display":"","ast-hfb-mobile-header-display":"","site-post-title":"","ast-breadcrumbs-content":"","ast-featured-img":"","footer-sml-layout":"","ast-disable-related-posts":"","theme-transparent-header-meta":"default","adv-header-id-meta":"","stick-header-meta":"","header-above-stick-meta":"","header-main-stick-meta":"","header-below-stick-meta":"","astra-migrate-meta-layouts":"set","ast-page-background-enabled":"default","ast-page-background-meta":{"desktop":{"background-color":"var(--ast-global-color-5)","background-image":"","background-repeat":"repeat","background-position":"center center","background-size":"auto","background-attachment":"scroll","background-type":"","background-media":"","overlay-type":"","overlay-color":"","overlay-opacity":"","overlay-gradient":""},"tablet":{"background-color":"","background-image":"","background-repeat":"repeat","background-position":"center center","background-size":"auto","background-attachment":"scroll","background-type":"","background-media":"","overlay-type":"","overlay-color":"","overlay-opacity":"","overlay-gradient":""},"mobile":{"background-color":"","background-image":"","background-repeat":"repeat","background-position":"center center","background-size":"auto","background-attachment":"scroll","background-type":"","background-media":"","overlay-type":"","overlay-color":"","overlay-opacity":"","overlay-gradient":""}},"ast-content-background-meta":{"desktop":{"background-color":"var(--ast-global-color-4)","background-image":"","background-repeat":"repeat","background-position":"center center","background-size":"auto","background-attachment":"scroll","background-type":"","background-media":"","overlay-type":"","overlay-color":"","overlay-opacity":"","overlay-gradient":""},"tablet":{"background-color":"var(--ast-global-color-4)","background-image":"","background-repeat":"repeat","background-position":"center center","background-size":"auto","background-attachment":"scroll","background-type":"","background-media":"","overlay-type":"","overlay-color":"","overlay-opacity":"","overlay-gradient":""},"mobile":{"background-color":"var(--ast-global-color-4)","background-image":"","background-repeat":"repeat","background-position":"center center","background-size":"auto","background-attachment":"scroll","background-type":"","background-media":"","overlay-type":"","overlay-color":"","overlay-opacity":"","overlay-gradient":""}},"footnotes":""},"class_list":["post-236","page","type-page","status-publish","hentry"],"_links":{"self":[{"href":"https:\/\/thanhly.xyz\/index.php?rest_route=\/wp\/v2\/pages\/236","targetHints":{"allow":["GET"]}}],"collection":[{"href":"https:\/\/thanhly.xyz\/index.php?rest_route=\/wp\/v2\/pages"}],"about":[{"href":"https:\/\/thanhly.xyz\/index.php?rest_route=\/wp\/v2\/types\/page"}],"author":[{"embeddable":true,"href":"https:\/\/thanhly.xyz\/index.php?rest_route=\/wp\/v2\/users\/1"}],"replies":[{"embeddable":true,"href":"https:\/\/thanhly.xyz\/index.php?rest_route=%2Fwp%2Fv2%2Fcomments&post=236"}],"version-history":[{"count":1,"href":"https:\/\/thanhly.xyz\/index.php?rest_route=\/wp\/v2\/pages\/236\/revisions"}],"predecessor-version":[{"id":237,"href":"https:\/\/thanhly.xyz\/index.php?rest_route=\/wp\/v2\/pages\/236\/revisions\/237"}],"up":[{"embeddable":true,"href":"https:\/\/thanhly.xyz\/index.php?rest_route=\/wp\/v2\/pages\/7"}],"wp:attachment":[{"href":"https:\/\/thanhly.xyz\/index.php?rest_route=%2Fwp%2Fv2%2Fmedia&parent=236"}],"curies":[{"name":"wp","href":"https:\/\/api.w.org\/{rel}","templated":true}]}}